2). Let b(v) = a*w(v) - 3*o(v). Give b(3).
-18
Let z be 12/(-24)*(2 - (-2 + 4)). Let c(t) = t + 23. What is c(z)?
23
Let b(w) = -w + 1. Let t(k) = -k + 0*k + 0*k. Let h(c) = 3*b(c) - 5*t(c). Determine h(-6).
-9
Let x(a) = a**3 - 9*a**2 + 9*a - 5. Let r be x(8). Let l(u) = u**r + 10*u**2 - 2 + 3*u**2 - 15*u**2. What is l(2)?
-2
Let z(l) = -33*l + 18*l + 13*l + 18. What is z(5)?
8
Let p(h) be the third derivative of 0*h**4 + 1/20*h**5 + 0*h + 0 - 1/120*h**6 + 1/2*h**3 - 2*h**2. Calculate p(4).
-13
Let s(g) = 2*g**3 + 4*g + g**2 + 3*g**2 - 3*g - g**3 - 1. Let c be (10/(-15))/(-1*1)*-3. Calculate s(c).
5
Let g(x) = 5*x + 2*x**2 + 3 + 2*x**2 - 3*x**2. Let f be g(-5). Let q(n) = n. Let s(y) = -6*y + 1. Let u(i) = -5*q(i) - s(i). What is u(f)?
2
Let t(l) = 54*l + 37. Let i(d) = -15*d - 12. Let z(u) = -7*i(u) - 2*t(u). What is z(8)?
-14
Let h(m) = m**2 + 37*m + 188. Let g be h(-31). Let r(v) = -v**3 - 5*v**2 - 6*v - 4. Let q be r(-4). Let b(j) = 3*j - 7 + q + 2. Determine b(g).
5
Let l(h) = -h**3 + 2*h - 1. Let u(k) = k - 6. Suppose 5*g + 21 = 51. Let z be u(g). Suppose r + z = 2. Calculate l(r).
-5
Let c(u) = 7*u - 26. Let l be c(4). Suppose 2*w = 5*w - 6. Let o(a) = -1 - a**w + 1. Give o(l).
-4
Let p(q) = -6*q**3 + 5*q**2 + 13*q + 3. Let b(n) = 7*n**3 - 5*n**2 - 14*n - 4. Let m = 65 - 70. Let v(l) = m*b(l) - 6*p(l). Calculate v(6).
-10
Let c(s) = s**2 + 6*s - 7. Let j be c(-6). Let l(y) be the third derivative of -y**6/120 - y**5/10 + y**4/6 - 5*y**3/3 - 23*y**2. Give l(j).
11
Let d be (60/40)/((-3)/(-4)). Let k(r) be the second derivative of 8*r + 0 + 0*r**d + 1/6*r**3. Give k(-5).
-5
Let x(w) be the third derivative of w**5/60 + 7*w**4/24 - 5*w**3/3 + 1187*w**2. Let i be (-8)/6*(0 - -6). Determine x(i).
-2
Let q(i) = -6*i**3 - 2*i**2 + i + 2. Let k be q(-1). Let m = -47 - -32. Let y(s) = 5*s - 6. Let w(f) = 36*f - 42. Let b(d) = m*y(d) + 2*w(d). Give b(k).
-9
Let y(w) be the third derivative of -w**5/60 + 3*w**4/8 - 11*w**3/6 + 2*w**2 + 33*w. Calculate y(9).
-11
Let d = -420 + 420. Let t(i) = 2 + 2*i - 4 - 4 - 3*i + i**2 - i**3. Give t(d).
-6
Let a(i) be the second derivative of -i**3 + 5/12*i**4 - 43*i + 5/2*i**2 + 1/20*i**5 + 0. What is a(-6)?
5
Let o(y) = 3*y**3 + 2*y**2 - y - 7. Let j(d) = 4*d**3 + d**2 - 9. Let l(q) = -2*j(q) + 3*o(q). What is l(-4)?
9
Let w(k) = 3 - 7*k**2 - 6 - 4 + 8*k**2 + 2*k. Let y = 6 - 7. Let a be 2 - (y - (-3 + -5)). Determine w(a).
8
Let m(p) = p + 1. Let b(u) = -u**3 + u**2 - 1. Let g(s) = b(s) - m(s). Let h = 1 - -1. Calculate g(h).
-8
Let z(f) = -f + 9. Let j be z(4). Let c(q) be the third derivative of q**5/60 - q**4/3 + q**3 - 3*q**2. Calculate c(j).
-9
Let j be (8/(-12))/((-2)/6). Let b(w) = -2*w**j + w + w + 32 - 33 - w. Suppose -2*s = 4*l + 2*s + 4, -2*l + 10 = -4*s. What is b(l)?
-2
Let g(u) be the second derivative of -u**8/6720 - u**7/504 - u**6/240 - u**5/120 - u**4/6 - 21*u. Let z(h) be the third derivative of g(h). What is z(-5)?
14
Let d(z) be the third derivative of z**4/12 + 5*z**3/3 - 757*z**2. Calculate d(7).
24
Suppose -2*f - 16 = d, -5*d - 10 = -3*f - f. Let h(a) = -a**2 - 2*a + 1. What is h(d)?
-23
Let t(l) = 4*l**3 + 4*l**2 + 3*l + 6. Let s(i) = -i**3 - i**2 - 1. Let d(g) = 5*s(g) + t(g). Suppose x - 5 = -7. Determine d(x).
-1
Suppose -2*k + 4 = -0. Let h = -73 + 76. Let w(u) = 8 - 7*u - k*u**2 + h*u**2 - 4. What is w(5)?
-6
Let f(l) = -2*l**2 - 5 + l - 12*l + 3*l + 2*l. Calculate f(-4).
-13
Let n(v) = -7*v**2 + 5*v + 1 + 3 - v**2 + 2*v**2. Determine n(3).
-35
Let g(d) = 7 + 0*d - d - 1 - 7. Calculate g(-5).
4
Let g(t) = 4 - 2*t**2 - 3 + 3*t**2 + t**3 - 5 - t. Suppose -2*v = -6*v. Give g(v).
-4
Let a(x) be the first derivative of 3*x**4/4 - 2*x**3/3 + x**2/2 - 2*x - 20. Calculate a(2).
16
Let p(g) = 19 - 10 + 6*g**3 - 5*g**3 - 10. Let j(r) = 5*r - 3*r + 3*r**3 - 3*r + 3 - 4*r**2. Let i(n) = -j(n) + 2*p(n). Calculate i(4).
-1
Let d(x) = -x**3 - 2*x**2 - x + 4. Let t be (4/(-8)*0)/((-132)/(-22)). What is d(t)?
4
Suppose 2*x + 3*x = 1165. Let j(p) = 3 - x*p + 237*p + 1 + p**2. What is j(-3)?
1
Let w(d) = d**2 - 7*d + 6. Let r be (-3 + 4)*(4/4 + 3). Give w(r).
-6
Suppose 4 = 2*j - j, -5*j = 2*h - 4. Let y be 25/10*h/10. Let i(m) = -4*m**2 - 4*m - 2. Calculate i(y).
-10
Let f(h) be the third derivative of -5/24*h**4 + 0*h + 0 + 5/6*h**3 - 1/60*h**5 + 15*h**2. Calculate f(-5).
5
Let b(a) = -7*a + 6. Let u(r) = -19*r + 17. Let s(x) = 8*b(x) - 3*u(x). Let v(c) = -c**2 - 9*c - 5. Let t be v(-7). What is s(t)?
6
Let y(x) = x**2 - 6*x + 2. Let r be y(4). Let p = r - -6. Let k(c) = -2*c**2 + 7*c + 11. Let f(j) = -j**2 + 3*j + 6. Let u(o) = 5*f(o) - 2*k(o). Calculate u(p).
8
Let i = 18 + -7. Suppose -i*b + 13*b - 4 = 0. Let x be (b/4)/(13/(-156)). Let z(f) = -f**2 - 3*f + 7. Calculate z(x).
-11
Let c(h) be the first derivative of h**3/3 + 3*h**2 - 6*h + 167. Calculate c(4).
34
Let r(j) be the first derivative of 0*j + 7/24*j**4 - 1/2*j**2 + 1/6*j**3 + 1. Let u(h) be the second derivative of r(h). Give u(1).
8
Let z(t) = t**2 + 4*t - 11. Suppose 2*h + 7 = -3*n, h + 14*n + 21 = 9*n. What is z(h)?
21
Let l(i) = i**3 + i**2 - i + 1. Suppose 0*v + 8 = 4*v. Let t = -2 + 2. Suppose t = v*z - 7*z. What is l(z)?
1
Let g(a) be the second derivative of -a**3/6 + 3*a**2 - 4*a - 11. Give g(4).
2
Let v(b) be the third derivative of b**5/60 - b**4/24 + b**3/6 + 158*b**2. Determine v(6).
31
Let j(v) = -v**2 + 9*v - 15. Let m be j(6). Suppose -m*p + 7 = g, -p + 3*g = p - 1. Let r(s) = s**3 - 4*s**2 + 2. Determine r(p).
-6
Let x = 2 - 1. Let t(r) = r**3 - 18*r**2 + 104*r**2 - 85*r**2 - r. Give t(x).
1
Let x(a) = 116*a - 220*a + 105*a - 14 + 0. Let n(i) = i**3 - 5*i**2 + i + 4. Let w be n(4). Let h = 0 - w. Determine x(h).
-6
Suppose -3*k - 5 = 2*k, 13 = v - 3*k. Suppose v = -4*y + 6*y. Suppose -y*d + 3*c = 16, 3*c + 4 = -0*d - 5*d. Let r(g) = 3*g + 3. Determine r(d).
-3
Let k(b) = 11*b**2 + 2*b + 1. Let h = 1 - 2. Give k(h).
10
Suppose 0 = -3*v, -3*y + 6 = -0*v + 2*v. Let j(u) = -6*u - 6*u**y + 2*u**3 - 4*u**3 + 3 + u**3. Suppose 68*s - 65*s + 15 = 0. Calculate j(s).
8
Let j be 0/130 + 5/3. Let r(t) be the first derivative of 3/2*t**2 + 2*t + 1/4*t**4 - 4 + j*t**3. Determine r(-4).
6
Let f(s) = s**3 + s - 11. Let w(a) = -9*a + 378. Let c be w(42). Calculate f(c).
-11
Let o(m) = -m**3 - 7*m**2 - m - 7. Suppose 0 = -b + 3*v - 5, 0*b - 5*b + 4*v + 8 = 0. Suppose -4*f + f - 66 = -3*s, -65 = -3*s + b*f. Let k = 16 - s. Give o(k).
0
Let w(i) = -2*i**2 - 6*i - 21. Let z(v) = -v**2 - 2*v - 11. Let g(p) = 3*w(p) - 5*z(p). Give g(-6).
4
Let i = 833 - 834. Let s(m) = -4*m**2 - m - 2. Calculate s(i).
-5
Let f(u) = -16*u - 9*u - 1 + 32*u. Let q be 10/(-1)*(-1)/2. Suppose -q*p + 6 = 1. Calculate f(p).
6
Let d(p) = p**3 + 6*p**2 - 7*p + 4. Let n be d(-7). Let h(c) be the first derivative of 0*c - 1 + 4/3*c**3 - 3/2*c**2 + 1/4*c**n. What is h(-4)?
12
Let w(d) = 13*d. Let k(g) = 90*g. Let x(h) = -2*h - 1. Let s be x(-14). Let p(m) = s*w(m) - 4*k(m). Suppose -4*i - 2*a - 1 = -3, 14 = -2*i + 4*a. Give p(i).
9
Let i(p) = -8*p**2 + 8*p + 20. Let d(n) = -3*n**2 + 3*n + 7. Let f(y) = -17*d(y) + 6*i(y). Let w = 29 + -27. Determine f(w).
7
Let j(f) = -f**2 + 15*f + 2. Suppose 19*h - 424 + 234 = 0. What is j(h)?
52
Let u(k) = -7*k**3 - 18*k**2 + 7*k - 33. Let v(m) = 3*m**3 + 9*m**2 - 4*m + 16. Let o(d) = -2*u(d) - 5*v(d). Give o(-10).
26
Let f(v) = -2*v + 4. Suppose -59 = d - 62. Determine f(d).
-2
Let y(q) be the second derivative of -1/6*q**3 + 1/2*q**2 - 4*q - 1/20*q**5 + 0 + 5/12*q**4. Suppose 2*f = 4*f - 8. Calculate y(f).
13
Let j(k) be the second derivative of k**4/12 + 7*k**3/6 + 2*k**2 - 4*k. Suppose 5*h = 19 + 6. Let c = 2 - h. Calculate j(c).
-8
Suppose 0 = -4*u - f - 1 + 23, 4*f - 8 = 0. Suppose -u*a = -5*q - 25, q = a + 4*a - 1. Let j be q/7*28/4. Let i(m) = m + 1. Give i(j).
-5
Let x(h) = 0*h - 8 - 2 + h. Let q(b) = -b**3 - 12*b**2 - 21*b - 10. Let r be q(-10). What is x(r)?
-10
Suppose -2*x + 4*t - 4 = 0, 4*t = 3*x - 5*x + 20. Let v(d) = 5*d + 5 - 6*d - x. Let n(u) = 8*u - 6. Let s(c) = n(c) + 6*v(c). Calculate s(3).
6
Let a(o) = 5*o + 1. Let g(r) = 5*r + 1. Suppose 0 = 2*c + 3 - 7. Suppose c*d - 24 = -2*d. Let y(q) = d*a(q) - 5*g(q). Give y(-1).
-4
Let c = -14 - -17. Let k(m) = m - 2*m**c - 2 + 10*m**2 + m - 6*m**2 + 3*m**3. Calc